e number?
True
Let l(a) = 15*a - 11. Suppose -6 = -2*r - 3*o, 3*r - 4*o = -2*r + 15. Let b be l(r). Is (1*b)/((-6)/(-33)) composite?
True
Let a(m) = 5257*m - 596. Is a(15) prime?
True
Let v(k) = -3*k - 1. Let h be 0/3 - 14 - 0. Let n be v(h). Let l = 161 + n. Is l prime?
False
Let c = -14 - -16. Suppose 0 = c*y + 3637 + 667. Let g = -1007 - y. Is g a prime number?
False
Suppose 0 = 2*w - 7423 - 19250 - 23353. Is w prime?
True
Suppose -402 = -3*b + 15. Let a(z) = 34*z - 1249. Let s be a(39). Let u = b - s. Is u a prime number?
False
Suppose 67*l = 4*u + 72*l - 21, -4*u = 3*l - 19. Let s be 3*2/15*10670. Suppose m = 3*g - 3201, 3*m = u*g + m - s. Is g prime?
False
Let v(f) = -220*f + 44069. Is v(0) a prime number?
False
Suppose o = -3, -2*o - 207 = 4*w + 3*o. Let m = w + 50. Suppose -m*n + 6*n = 276. Is n a composite number?
True
Let a be 7/((-147)/6) + (-8454)/7. Let x(p) = -351*p - 21. Let r be x(-6). Let n = a + r. Is n a composite number?
False
Suppose -5*v = k - 516629 - 110980, 0 = -2*v + 3*k + 251030. Is v composite?
True
Let u(a) = 2*a**2 - 15*a + 3. Let c be u(6). Let x = c + 20. Suppose 2*h + 5*v - 1008 = 0, 0 = 3*h + x*v - 6*v - 1495. Is h a prime number?
True
Is (63/42 - ((-2524197)/6 + -1)) + 5 a prime number?
False
Is (130/(-20))/(11/(-160226)) composite?
True
Let p(d) = 13533*d + 4573. Is p(16) composite?
False
Suppose -3*d - 2*p - 21 = p, p = -4*d - 16. Let o(n) = 131*n**2 + n + 1. Let q be o(d). Suppose -4681 = -2*l - 2*l - 5*x, l - x = q. Is l prime?
False
Suppose u + 34530 - 9932 = 0. Let f = u - -45395. Is f composite?
True
Suppose -488878 = -31*u + 443881. Is u a prime number?
True
Is (2/(-1) - 63351)/(-11 + 28 + -18) composite?
False
Let m be (-13)/(-26) + (-9)/(-6). Suppose -6*h = 206 - 56. Is (5/h)/(m/(-7390)) composite?
False
Let h be (-42)/(-70) - (6/10 - 1). Let f be 6/(36/42) - (h - -1). Suppose 3*g - 2388 = c, 5*c - 2618 = -f*g + 1382. Is g a composite number?
False
Suppose 4*g + 3*b - 17 = 0, 3*b = -g + b + 3. Suppose 0 = -g*l + 2 + 8. Suppose l*c - 1943 = -5*z, -6*z + 2*z = 2*c - 1946. Is c a composite number?
True
Let l = -108 - -80. Is 2/(-7) - 90420/l composite?
False
Let x = 27592 + -12623. Is x a prime number?
True
Let v = 23 - 22. Let s be 1 + (v - 3) + 51. Let i = s - -33. Is i a composite number?
False
Let p be (24834/9)/(-4 + (-77)/(-21)). Let a = p + 11783. Is a composite?
True
Let q(o) = 824*o + 85. Let l(g) = -206*g - 21. Let u = -41 + 39. Let h(k) = u*q(k) - 9*l(k). Is h(5) a prime number?
True
Let i(l) = l + 12. Let w be i(-5). Suppose -4*k + 11 = w. Suppose -t = 3*a - 92, 0 = 2*a - 5 - k. Is t prime?
True
Let v = 49 + -44. Suppose v*k + 20 = -0, 2*l - 5*k = 26. Suppose 3*s + 891 = l*z, 2*z = -3*s + 503 + 71. Is z a composite number?
False
Let i = -10270 - -319031. Is i a prime number?
True
Let v be -1 + 4 + ((-224)/4)/(-8). Let l(t) = 270*t - 119. Is l(v) prime?
False
Suppose 71*r - 69*r - 4*x - 674538 = 0, 0 = 5*r - 25*x - 1686405. Is r a composite number?
False
Let b(s) = -19*s - 2. Let r be b(-1). Suppose 0 = -7*d + 25 + r. Suppose -11*l = -d*l - 4055. Is l prime?
True
Let v = -7564 + 10659. Is v a composite number?
True
Let n = 164 - 160. Suppose -q - n*o + 799 = -3*o, q - 5*o = 799. Is q composite?
True
Is (-57)/(10*12/(-1370120)) a composite number?
True
Suppose 0 = -16*m + 740540 - 19612. Suppose 5*v + 5282 = -m. Is (v/(-18))/(-1 - 5/(-3)) composite?
False
Is (-1189145760)/(-1440)*(-1 + 4) a composite number?
True
Let l(m) = -19*m - 5*m + 23 - 2474*m**3 + 15*m**2 + 2475*m**3. Is l(-13) a composite number?
False
Let a = 20783 - -111686. Is a a composite number?
False
Is -3 + 153/63 - (-471295)/35 prime?
False
Let v be (-2 - 2 - -6) + 0. Suppose -v*k = -4*r - 1816, 3 = -4*k - 5. Let z = r + 764. Is z a prime number?
False
Let f(a) = -2*a**3 - a. Let x be f(-1). Suppose 3*z = -x*p + 36, 21 + 23 = 5*z + p. Is 6/z - 30344/(-32) composite?
True
Suppose v + 5*v + 11394 = 0. Let m be 204*-1 + (-13 - -11). Let f = m - v. Is f a composite number?
False
Suppose 2*m = -3*m + 170. Is m/51*3183/(-4)*-2 a composite number?
False
Let f = 396 + -395. Is ((-1086 + -1)*-5)/f prime?
False
Let b be ((-14)/(-8) - 0) + 2/8. Let f(t) = -364*t**2 + 2 + 18*t**3 + 3 + 370*t**b - 2*t. Is f(5) composite?
True
Suppose -2*h - 4*f = -2392, 3*h - 893 = 3*f + 2704. Let p = 5 + -3. Suppose -334 - h = -p*t. Is t composite?
True
Suppose -o - m = -7318, 2*m = 3*o - 0*m - 21969. Let k = 13200 - o. Is k a composite number?
False
Suppose -3*w = 4*w. Let t be w/(4 - (-3)/(-1)). Suppose -p - 394 + 1493 = t. Is p composite?
True
Let n = 783866 - 312729. Is n composite?
False
Let t = 41399 - 29076. Is t a composite number?
False
Let a = -64 - -55. Let j be ((-24)/a)/(12/18). Suppose 0 = -3*t + j*m + 8415, -4*t + 3*m - 2*m = -11233. Is t a composite number?
True
Let q = 1518093 + -762136. Is q a prime number?
False
Suppose 5*t = -4*q + 4, 0*q + 2 = 2*t + 2*q. Suppose t = 4*d + 8191 + 1201. Let f = 3307 + d. Is f prime?
False
Let l(r) = r**3 + 1. Let c(k) = 2*k**3 - 8*k**2 + 8*k + 5. Let a(h) = c(h) - l(h). Is a(9) a composite number?
False
Suppose -221*b = 249*b - 3291410. Is b a prime number?
False
Let i be (-3)/9*(9 + -1 + -2). Let z(q) = -689*q**3 + 9*q**2 + 4*q - 1. Is z(i) composite?
True
Let z(v) = -2103*v**3 - v**2 - 27*v - 127. Is z(-4) a composite number?
True
Let k(y) = -y**3 + 38*y**2 + 4*y - 90. Let r be k(38). Let n = 14233 - r. Is n composite?
True
Is 4/34 - 45709846/(-1666) composite?
False
Suppose -3*z - 5*v + 2698178 = 0, 888*z - 1798827 = 886*z + 5*v. Is z composite?
False
Suppose -320*k = 151*k + 69*k - 66237480. Is k composite?
True
Let f(l) = -3117*l**3 - 5*l**2 - 15*l - 14. Is f(-3) prime?
False
Let f be ((-3)/4)/((-3)/72). Let x = f + -24. Is (-128)/(-12) + (-2)/x a composite number?
False
Let t = 82 - 108. Let g = 31 + t. Is (795 - (1 + -4)) + g a composite number?
True
Let m(k) = 2*k**2 - 14*k - 305. Is m(-84) a prime number?
True
Let y(a) = 119*a**2 + 19. Let f be (133/49 - -3) + 4/14. Is y(f) a composite number?
True
Suppose 5*u + 39*n - 1572805 = 36*n, -7*u = -n - 2201927. Is u composite?
True
Let k = 583 - 579. Suppose -3506 = -k*j + 7770. Is j prime?
True
Suppose -43*f + 53*f = 1160. Let q = f - 10. Is q prime?
False
Let v be (-3)/(1 - 2/(-4)). Let j(u) be the third derivative of -u**6/8 - u**5/60 + 5*u**4/24 + 3*u**3/2 - 662*u**2. Is j(v) prime?
False
Suppose -71*j - 549093 = -103*j + 312571. Is j composite?
False
Let h be (68/(-12) + -1)/((-10)/15). Suppose h*t = 25735 + 6495. Is t a prime number?
False
Suppose m + 19 = 5*p, -4*m = -3*p + 2*p + 19. Let c(z) = 154*z**3 + 2*z**2 + 5*z - 2. Is c(p) a composite number?
True
Let a be 5 + -2 + (5421*1 - -1). Suppose -417 = -g + a. Suppose g = 3*c + d, -4708 = -5*c - d + 5032. Is c prime?
True
Suppose 60*l + 20 = 64*l. Suppose 4*x = 4*u - 6840, 3*x + 2*x - 8540 = -l*u. Is u a prime number?
True
Let d = -6012 + 9146. Is d a composite number?
True
Suppose i + 2*i = -20520. Let p be i/21 - -3*8/(-84). Let r = -184 - p. Is r a prime number?
False
Let w(q) = 1676*q**2 - 2*q + 2. Suppose -3*j - 17 = -2*b, -3*j = 3*b + 2*j + 22. Let l be w(b). Suppose -10*x = -14*x + l. Is x composite?
False
Suppose -1123756 = -4*g + 4*i, -4*g + 3*i + 1638983 = 515229. Is g prime?
False
Suppose 24 = -2*o - 6*o. Is (-2)/(((-36)/(-66522))/o) a prime number?
True
Is (-4)/((-228)/732285) - (3 - (-495)/(-171)) prime?
False
Let n(o) be the first derivative of -192*o**2 + 59*o + 4. Is n(-13) composite?
False
Suppose 4*f + 0*g - 48 = -5*g, f = -3*g + 19. Let d(t) = f*t**2 - 5 + 8*t**2 - t + 10. Is d(-8) a composite number?
True
Let q = 23 - 20. Suppose -5*p + 2*m + 3*m = -8325, -p = q*m - 1657. Is p composite?
False
Suppose -h - 361*o = -358*o - 338054, 0 = -4*o - 4. Is h prime?
False
Suppose 228*y - 21067 = 49171 - 11186. Is y composite?
True
Let y(f) = f + 6. Let g be y(-10). Let d(l) = -468*l + 71. Is d(g) a composite number?
True
Let i = -198 + 346. Suppose b + 2*b - s = -i, -4*s = 5*b + 275. Is b/68 - (-15335)/4 composite?
False
Suppose -137*t - 14*t = -36438263. Is t a prime number?
True
Let r(j) = 3493*j. Let g be r(-1). Let m = -419 - -416. Is g/(-14)*(-1 - m) a prime number?
True
Suppose -79911 = 20*g - 794329 - 107922. Is g a composite number?
False
Suppose -801858 = -6*f + 2*z, 2